= r - 2. Suppose k = m*p - 120, 0*p - 72 = -3*p + 3*k. What is the units digit of p?
4
Suppose 2*n - 35 + 17 = 0. What is the units digit of 90/n - (-4)/6*-3?
8
Suppose 2*d - 16 = 12. Suppose d*q - 963 = 5*q. What is the tens digit of q?
0
Suppose 5*q = 4*r - 347, 4*r - 3*r + 2*q = 90. What is the tens digit of r?
8
Let h be ((-30)/(-12))/(1/4). Suppose h = 6*s - 4*s. Suppose 4*b - 146 = -2*v, -7*v + 3*v + 227 = -s*b. What is the units digit of v?
3
Let h(a) = 3*a + 3. Let f be h(2). Let o = -7 + f. Suppose 0 = -3*y - 5*l + 1 - o, 4 = 4*y + 4*l. What is the units digit of y?
3
Suppose -5*r + 26 = -4*c - 2*r, 0 = 2*c - 3*r + 16. Let t(b) = -17. Let f(y) = -y + 6. Let h(k) = 5*f(k) + 3*t(k). What is the units digit of h(c)?
4
Let u = -55 + 76. Let q = u + 70. What is the tens digit of q?
9
Let z(a) = a + 2. Let b be z(2). Suppose -b*h + 62 = -86. What is the units digit of h?
7
Let t = 13 - 7. Suppose 3 = t*i - 27. Suppose i*u - 4*o = 353, 3*u - 29 = -o + 193. What is the tens digit of u?
7
Let c(n) = n**3 + 6*n**2 + 6*n - 2. Let z be 6 + -3 + -2 + (-6 - -1). What is the units digit of c(z)?
6
Suppose q = g + 2*g - 62, -46 = -2*g - 4*q. Suppose -4 = -5*x + g. Suppose -3*b = -r + 33, 0*r = r - x*b - 39. What is the units digit of r?
4
Suppose -8*l = -1228 - 6924. What is the tens digit of l?
1
Let m = 7448 - 4670. What is the thousands digit of m?
2
Let m(q) = q. Let x be m(0). Suppose x = -2*p - 0 - 24. What is the units digit of 13/4 + (-9)/p?
4
Let q(x) = -4*x**3 - 28*x**2 + 36*x - 21. Let z(l) = l**3 + 7*l**2 - 9*l + 5. Let h(s) = -2*q(s) - 9*z(s). What is the tens digit of h(-9)?
7
What is the units digit of 9 - -2*(192 - 1)?
1
Let i(g) be the first derivative of 9*g**2 + 35*g + 2. What is the units digit of i(11)?
3
Let t be 1*-8*6/(-24). Suppose 0 = 3*w - 2*c - 82, -7 - 1 = 4*c. Suppose -2*o + w = t*x, 0 = 4*x + o + 40 - 107. What is the tens digit of x?
1
Let q(d) = -d**2 + 2*d + 5. Let b be q(5). Let m be 1/(4 + 38/b). Suppose -m*t = -0*t + 2*n - 183, 5 = -5*n. What is the units digit of t?
7
Let z(k) = 23*k**2 + 2*k - 2. Suppose j + 5*c = -27, -2*j = -5*c - 10 - 11. What is the units digit of z(j)?
6
Suppose 8 - 11 = -n. Suppose -n*f + 158 = 53. What is the units digit of f?
5
Suppose 4*z - 36 = z. Suppose -3*k + z = -195. What is the tens digit of k?
6
Let l(i) be the second derivative of 0*i**4 + 0 + 1/6*i**3 - 3/10*i**5 + 1/2*i**2 + 5*i. What is the units digit of l(-1)?
6
What is the tens digit of 10/2 - (-1928 + -8)?
4
Suppose 2*w - 2097 = -3*v, 4*v + 4*w - 2800 = -0*v. What is the tens digit of v?
9
Let b(j) = 178*j**2 + 46*j + 193. What is the units digit of b(-4)?
7
Let g(r) = -r**3 + 11*r**2 + 11*r + 13. Let h be g(12). Let t = h - -33. What is the tens digit of t?
3
Let v be 14/(-4)*(0 + -34). Let s = v + -68. What is the tens digit of s?
5
Let c = 3426 - 1080. What is the hundreds digit of c?
3
Suppose 2*r + 592 = -2*r + 4*v, -4*v = 2*r + 308. Let g = -62 - r. What is the tens digit of g?
8
Suppose 2*l = 2*j - 1308, 0 = 3*j - 5*l - 286 - 1676. What is the tens digit of j?
5
Let q be 3 - (-5 + 11) - (-1270)/2. Suppose -128 = 2*b - 5*x - 370, 5*b + x - q = 0. What is the tens digit of b?
2
Suppose -6 = -2*d - 3*h, 3*h = d + 2*d + 6. Let w(c) = c**2 - 2*c + 10. Let b be w(d). Suppose 2*t = 4*r + 128, 0 = -5*r - b - 15. What is the tens digit of t?
5
Let f = 954 + -379. What is the units digit of f?
5
Let i(j) = 31*j**2 + j + 6. What is the units digit of i(-4)?
8
Let z be 1 - (-1)/(1/9). Let n be -21*z/3 + 1. What is the units digit of -2 + (-1 - -1) - n?
7
Let q(i) = i**2 + 1. Let d be q(1). Suppose -4*x + d*x = -450. What is the hundreds digit of x?
2
Suppose -5*h - 1 - 10 = 2*n, -4*n - 37 = -5*h. Suppose -3*b - 80 = -j, 4*j = 6*b - 10*b + 320. What is the units digit of 140/j + 6/n?
1
Let d = -286 + 552. What is the hundreds digit of d?
2
What is the tens digit of 50/((8/8)/(21/1))?
5
Let q(p) = -104*p**3 - 3*p**2 + 9*p + 16. What is the units digit of q(-3)?
0
Let i be -6*(-3 + 5 - 1/1). Let s(z) = -3*z**3 - 13*z**2 + 7*z - 7. What is the hundreds digit of s(i)?
1
Let n be -4 + 4 - 3 - 30. Let y = -22 + n. Let k = -32 - y. What is the units digit of k?
3
Let n be (-12 + 21)*1/(-3). Let x(i) = -i**2 - 4*i - 1. Let v be x(n). Suppose 0 = -2*s - v*w, 3*w - 8*w - 7 = -2*s. What is the units digit of s?
1
What is the units digit of ((-198)/8)/33*(1 - 2213)?
9
Suppose -3*b = -35 - 40. Let q be 2935/b + (-2)/5. Suppose -29 = -l - 3*i, 0*l + i - q = -5*l. What is the units digit of l?
3
Suppose 6*o - 1 = o - w, 4*w - 4 = 0. Let a(f) = -f + 75. Let c be a(o). Suppose 2*g - 5*y - c = 13, 0 = -4*g - y + 176. What is the units digit of g?
4
Suppose -5*f + 2413 = 2*r, -2*r + 2017 = 3*f - 394. What is the thousands digit of r?
1
Suppose 13*q - 14*q = -89. Suppose -q = x - 231. What is the units digit of x?
2
Suppose -2*x + 221 - 33 = 0. Let y = 163 - x. What is the tens digit of y?
6
Suppose -3*z + 4*h = -5657, 1819 = z - 3*h - 75. What is the hundreds digit of z?
8
Let t be (-736)/(-10) + (-4)/(-10). Let a = 65 - 109. Let u = t + a. What is the units digit of u?
0
Let n be 8 - 7 - 0/2. Let q(t) = t**3 + 2*t**2 - 1. Let c be q(n). Suppose 50 = 5*d - c*x, -4*d - 2*x + 68 = 2*x. What is the units digit of d?
2
Suppose 3*c = -3*o - 3 - 3, 14 = -3*c - o. What is the tens digit of c*-26*2/8?
3
Let y be -2*1*885/10. Let h = y + 260. What is the tens digit of h?
8
Let y be 33/(3 + 81/(-28)). Let t be 6/(-4)*y/(-21). Suppose 20 = 3*o - t. What is the tens digit of o?
1
Let m(i) be the third derivative of i**5/30 - 13*i**4/24 - 10*i**3/3 + 36*i**2 + i. What is the tens digit of m(-7)?
6
Suppose -26*k + 22*k = -56. Let x = 8 + k. What is the units digit of x?
2
What is the hundreds digit of ((-12546)/(-255))/((-1)/(-5))?
2
Suppose -593 = -6*k + 3373. What is the hundreds digit of k?
6
Let k(h) = 9*h**2 - 86*h + 1. What is the thousands digit of k(20)?
1
Suppose -z + 2 = 0, 929 = 5*s + 3*z - 1187. What is the hundreds digit of s?
4
Suppose 3*d - 15*d = -2028. What is the tens digit of d?
6
Suppose 24*c - 16 = 20*c. What is the tens digit of ((-1458)/c)/(-3) - (-6)/(-4)?
2
Let a(n) = 6*n**3 - 5*n**2 - n + 56. What is the units digit of a(10)?
6
Let y = 607 + 1223. What is the hundreds digit of y?
8
Let h = 13 - 13. Let a be 3 + ((-8)/(-4) - h). Suppose -150 + 20 = -a*l. What is the tens digit of l?
2
Let v(m) = -m**3 + 8*m**2 + 11*m - 18. Let b be v(9). Let d be -1*(-3 - b/4). Suppose -2*j - d*y = -129, y = -5*j + 3*y + 313. What is the tens digit of j?
6
What is the thousands digit of -8157*((-8)/(-16))/((-15)/10)?
2
Let b(m) = -22*m - 9. Let v(y) = -11*y - 4. Let z(u) = 4*b(u) - 10*v(u). Let o(a) = -a + 7. Let k be o(5). What is the tens digit of z(k)?
4
Let d(f) = 5*f**2 - 152*f - f**3 + 1 - 16 + 161*f + 5*f**2. What is the tens digit of d(10)?
7
What is the tens digit of (-2 - (-9)/12)/(27/(-64908))?
0
Let n(u) = 6*u**2 - 13*u + 14. Suppose 2*c = 3*m + 5, -5*c - 4*m - 5 = -29. What is the units digit of n(c)?
8
Let d = 701 + -487. Suppose -3*f + d = 4*i + 56, -f = 4*i - 162. What is the units digit of i?
1
Let b(z) = z**2 + 9*z - 5. Let a be (-147)/9 + 8/24. Let i be (75/20)/(6/a). What is the units digit of b(i)?
5
Suppose 330 = -3*k - 2*t, -2*k - t - 327 = k. What is the units digit of (-9270)/k + 2/12?
6
Suppose 3*d + 27 = -105. Suppose -184*k - 12 = -182*k. Let h = k - d. What is the units digit of h?
8
Let j(a) = -a + 1. Let w(q) = -126*q - 1. Let m(u) = 2*j(u) - w(u). What is the units digit of m(1)?
7
Let o be (-4)/(-30) - (-10)/(-75). Suppose 5*h - 3*d = -5*d + 63, o = -2*h - 4*d + 22. What is the tens digit of h?
1
What is the units digit of 1*7 - (-22386)/39?
1
Suppose 0*s = 2*s - 2. Let r(a) = -16*a**2 + 17*a**2 - a + 3 + 30*a**3 - 7 + 5. What is the tens digit of r(s)?
3
Let i(m) = 4*m**3 - 4*m**3 + 4*m - 1 + 0*m - 2*m**3. What is the tens digit of i(-3)?
4
Let z(q) = 3*q**3 + 19*q**2 - 5*q - 21. What is the units digit of z(-6)?
5
Suppose -5*b + 178 = 23. Suppose -3*f - 1 + b = 0. Let s(a) = a + 5. What is the units digit of s(f)?
5
Let c(b) = -b**2 - b + 63. Let z be c(0). Let w = z - 33. What is the units digit of w?
0
Suppose -8*d + 19*d = 176. What is the units digit of d?
6
Let w = 28 + -41. Let p = -14 - w. Let m(s) = -2*s